). What is the highest common divisor of a and v?
5
Let v be -320 + (9 - 1) + 2. Let f be ((-372)/2 - -1)*1302/v. Calculate the highest common factor of f and 21.
21
Let k(o) = 21*o + 2302. Let b be k(-18). What is the greatest common divisor of b and 1628?
148
Suppose 0*l + 26 = 5*d - 3*l, -2*d + 23 = 3*l. Suppose 360 = -d*c + 13*c. Calculate the greatest common factor of 24 and c.
12
Let r be (-2)/(-4) + 2296/16. Let j = 337 - 516. Let x = j + 197. Calculate the highest common divisor of r and x.
18
Let v(p) = 15*p. Let k be v(3). Let g be 16/(-10)*(252/(-8) - 6). Calculate the greatest common divisor of k and g.
15
Suppose 0 = 5*x - 5, -46 - 23 = -k - 5*x. Calculate the greatest common factor of k and 2752.
64
Suppose f - 1578 = -2*q, 3*f = 5*q + 1974 + 2848. Calculate the highest common divisor of 2 and f.
2
Let b(h) = -56*h + 16. Let z be b(-5). Suppose 159 = 3*j - 174. Calculate the greatest common divisor of j and z.
37
Let v(y) = 3*y**2 - 426*y + 2139. Let c be v(5). Calculate the highest common divisor of 6648 and c.
12
Suppose -i - 9 = -2, 4*v = -i + 105. Let g = -17 - 1. Let q = g - -25. Calculate the highest common divisor of v and q.
7
Suppose -483*u + 489*u = 24. Let p(c) = c**3 + 10*c**2 + 6*c + 1. Let m be -1 - 2/(-1) - 10. Let w be p(m). What is the highest common factor of u and w?
4
Let b(z) = -z**3 + 7*z**2 + 2*z + 4. Let h be b(7). Let f be (h/(-21))/(2/(-70)). Calculate the greatest common factor of 390 and f.
30
Let j = -4 + 8. Suppose 14*h + 9680 = 10296. Calculate the greatest common divisor of h and j.
4
Suppose 5*d - 6 = 3*p - 5*p, -3*p = 2*d - 20. Let x = -538 + 546. Suppose 160 = x*b + 32. Calculate the highest common factor of p and b.
8
Suppose -2*j - 6 = 0, 5*l - 2*j = -4*j + 99. Suppose w - l - 6 = 0. Let g = -1455 - -1458. What is the greatest common divisor of g and w?
3
Let v(m) = -m**2 - 10*m + 38. Let y be v(-11). Calculate the highest common factor of 1278 and y.
9
Let w(o) = 3*o**2 - o - 3. Let m be w(-3). Suppose 4*h + 3*z = 237 - 42, -2*h - 2*z = -100. Calculate the highest common divisor of m and h.
9
Let a(f) be the first derivative of -7*f**2/2 - 22*f - 2. Let v be a(-4). Let s be (17/102)/(2/24). Calculate the highest common divisor of s and v.
2
Suppose -272 = -4*p - 2*m, 2034*p - 2029*p + 2*m - 340 = 0. What is the greatest common factor of p and 748?
68
Let p(g) = 26*g + 32. Let k be 0/16*(-3)/6. Let i be p(k). What is the highest common divisor of 256 and i?
32
Let h(d) = d + 24. Let b be h(-16). Suppose 0 = 10*j - b*j - 88. Let p be 4 + -2 + 0 + 2. Calculate the highest common factor of j and p.
4
Let h(r) = -r**3 - 10*r**2 + 11*r - 18. Let k be h(-11). Let b be k/((36/64)/(-3)). Calculate the greatest common factor of 64 and b.
32
Suppose -17*r + 2*r = 11714 - 40394. Calculate the greatest common divisor of r and 24.
8
Let h = 18105 + -16966. Calculate the greatest common divisor of 408 and h.
17
Suppose -384*m + d = -389*m + 299, -4*m + 3*d + 243 = 0. Calculate the greatest common divisor of m and 740.
20
Let p(b) be the first derivative of b**3/3 - 5*b**2/2 - 30*b + 86. Let n be p(-4). What is the greatest common factor of 78 and n?
6
Let l be (-2*(-6)/(-8) + 3)*-2. Let g be (-21)/7 + 657/(l/(-1)). Calculate the greatest common divisor of 144 and g.
72
Let d = -8920 + 9328. Calculate the highest common factor of d and 18.
6
Let q = -7483 + 7523. What is the greatest common divisor of 150 and q?
10
Let p(u) = -8*u + 62. Let z be p(15). Let n = 383 + z. Calculate the greatest common factor of n and 13.
13
Let x(d) = d**2 - 11*d + 7. Let t be x(11). Let s(r) = 6 + 13*r + r**2 + 36 - 2*r + t*r. Let u be s(-17). What is the greatest common divisor of 225 and u?
25
Let n(m) = -2*m**2 + 21*m - 8. Let i be n(10). Let b be ((-351)/i)/(-9)*10/15. Let y be (182/6)/((-3)/(-9)). What is the highest common factor of y and b?
13
Let d be 1479 + -22 + (-15)/(-5). Calculate the highest common divisor of d and 180.
20
Suppose 5*m + 107 = 117. Suppose w - 25 = 6*w, -m*l = 4*w + 12. What is the greatest common divisor of l and 1?
1
Let z be ((-203)/(-21))/((-248)/84 - -3). What is the highest common divisor of z and 7?
7
Let x(m) = m**3 + 38*m**2 + 38*m - 50. Let j be x(-37). Let q be (-120)/(-24) + (1 - j). Calculate the greatest common factor of q and 62.
31
Let j be (-126)/(-28)*42/27. Let g be 41 + 8 + (j - 8). What is the greatest common divisor of 32 and g?
16
Let a = 309 - 320. Let y be ((-21)/(-9) - 1)*(a + 92). Calculate the greatest common divisor of 27 and y.
27
Let u = 3024 - 3013. Calculate the greatest common factor of u and 99.
11
Suppose -7*k + 54 = 26. Suppose -5*r + r = -k. Calculate the greatest common factor of 43 and r.
1
Suppose -212 = -x + 230. What is the highest common divisor of 416 and x?
26
Suppose -u - 2*y = -52, 141*u - 111 = 138*u + 3*y. Calculate the highest common factor of u and 582.
6
Let c be ((-4)/(-10))/(3 - (-34)/(-10)). Let o be c/(64/(-16) + 1302/326). Suppose 4*z - o - 89 = 0. Calculate the greatest common divisor of 7 and z.
7
Let d(r) = r**3 + 7*r**2 - 45*r - 11. Let s be d(9). What is the highest common factor of 770 and s?
110
Suppose 0*b = 4*b - 5*x - 2154, 2*x + 1078 = 2*b. Let w = b - 85. Suppose -18*s + 330 = -5*s - 411. Calculate the greatest common factor of s and w.
57
Let t be (-2)/(-3) - 868/(-3). Let g(c) = c**3 - 13*c**2 - 99*c + 1045. Let k be g(15). Calculate the highest common factor of k and t.
10
Suppose -2*r = 3*g - 7, -6*g = -g - 4*r - 41. Suppose 139 = g*v + 14. What is the greatest common factor of v and 150?
25
Let f(h) = -107*h - 5. Let d be f(-2). What is the greatest common divisor of 437 and d?
19
Let y be (2 - -3813)/(-7) + (-16)/(-4). Let n = -536 - y. What is the highest common divisor of 10 and n?
5
Let l(y) = 71*y - 351. Let z be l(5). Suppose 0 = 4*o - 2*g - 2516, 36*o - 37*o + z*g = -629. Calculate the greatest common factor of o and 17.
17
Suppose -f - 3*f = v + 4, -2*v + 4*f + 4 = 0. Suppose 0 = -2*o + p + 64 + 14, o - p - 37 = v. What is the highest common factor of 697 and o?
41
Let w = 1967 - 1637. What is the greatest common divisor of w and 36?
6
Let u = -4802 - -4972. What is the highest common divisor of u and 1090?
10
Let d(j) = -13*j**3 - 3*j - 2. Let u be d(2). Let k = 121 + u. Suppose -502 = -k*a + 38. Calculate the greatest common factor of a and 30.
30
Suppose -180 = -14*w + 13*w + 3*q, -q = 4*w - 694. What is the greatest common factor of 276 and w?
6
Let s(t) = t - 3. Let g be s(6). Suppose -3432 = -9*o + g*o. Suppose 5*u + 172 = o. Calculate the highest common divisor of u and 32.
16
Let m(x) = 5*x. Let c be m(7). Let a(d) = -36*d**2 + 1226*d - 26. Let k be a(34). Calculate the greatest common divisor of k and c.
7
Let u(t) = -6*t**2 - 489*t - 141. Let j be u(-81). Calculate the greatest common factor of j and 4437.
51
Let q(m) = -2*m**2 + 41*m + 72. Let p be q(22). Suppose 10*c = p*c + 1188. Calculate the greatest common divisor of 27 and c.
27
Suppose -40 = 34*v - 36*v. Suppose 0 = v*a - 22*a + 20. What is the greatest common divisor of 80 and a?
10
Let h(d) = -39*d + 2588. Let k be h(62). Calculate the greatest common divisor of 410 and k.
10
Let o be 1 + (802 - ((-368)/(-138))/((-4)/(-6))). What is the greatest common divisor of o and 3149?
47
Let r = -348 + 601. Let q(h) = h**2 - 10*h + 20. Let s be q(9). Calculate the highest common divisor of s and r.
11
Let z(v) = 73*v - 11. Let a(p) = -p**2 - 45*p - 198. Let n be a(-5). Let r be z(n). What is the highest common divisor of r and 27?
27
Suppose 3390 = 5*f + 5*m, -3*f + 2*m + 1150 = -874. Suppose 4*x + 4*d = 204, x + 1 - 55 = 2*d. Calculate the highest common factor of f and x.
52
Let h = -124 + 168. Suppose 0 = 38*x - 46*x + 88. What is the greatest common factor of h and x?
11
Let h be ((-3588)/(-416))/(15/160). Calculate the greatest common factor of h and 4439.
23
Let a be 200/80 + 3325/2. Calculate the greatest common factor of 45 and a.
45
Let c(o) = o**3 - 4*o**2 - 151*o + 6. Let l be c(18). What is the greatest common divisor of l and 128?
32
Let p = 85 - 87. Let n be 4 + p + (-110)/5. Let a = 23 + n. Calculate the greatest common divisor of a and 21.
3
Let d be (-4)/18 + (-11)/(-9). Suppose 3 = p - d, 5*o + 2*p - 328 = 0. Suppose 0*y = -y - 3*f +